{"id":167,"date":"2019-12-18T11:51:16","date_gmt":"2019-12-18T10:51:16","guid":{"rendered":"http:\/\/managerrehabilitacji.codema.pl\/?page_id=167"},"modified":"2022-02-03T17:09:29","modified_gmt":"2022-02-03T16:09:29","slug":"pfron-program-aktywny-samorzad-lsn","status":"publish","type":"page","link":"https:\/\/managerrehabilitacji.pl\/index.php\/pfron-program-aktywny-samorzad-lsn\/","title":{"rendered":"PFRON &#8211; Program &#8220;Aktywny Samorz\u0105d&#8221; &#8211; Lekki Stopie\u0144 Niepe\u0142nosprawno\u015bci"},"content":{"rendered":"[vc_row][vc_column][wr_vc_textblock big_title=&#8221;Proteza ko\u0144czyny i jej serwis&#8221;]<b>Kto mo\u017ce z\u0142o\u017cy\u0107 wniosek?<\/b><\/p>\n<p>Wymagania:<\/p>\n<ul>\n<li>posiadanie stopnia niepe\u0142nosprawno\u015bci;<\/li>\n<li>wiek aktywno\u015bci zawodowej lub zatrudnienie;<\/li>\n<li>potwierdzona opini\u0105 eksperta PFRON stabilno\u015b\u0107 procesu chorobowego;<\/li>\n<li>potwierdzone opini\u0105 eksperta PFRON rokowania uzyskania zdolno\u015bci do pracy w wyniku wsparcia udzielonego w programie.<\/li>\n<\/ul>\n<p><b>Przedmiot dofinansowania<\/b><\/p>\n<p>Przedmiotem dofinansowania jest zakup bardzo dobrej jako\u015bci protezy r\u0119ki lub nogi, tj. protezy co najmniej na III poziomie jako\u015bci.<\/p>\n<p>Proteza r\u0119ki \u2013 proteza z precyzyjnymi elementami mechanicznymi oraz nowoczesnym zawieszeniem kikuta (technologia silikonowa), oraz bardzo dobrym wyko\u0144czeniem kosmetycznym, albo, w wyj\u0105tkowych przypadkach, proteza z elementami bioelektrycznymi (lub elementami kombinowanymi).<\/p>\n<p>Proteza nogi, \u2013 proteza wykonana na nowoczesnych elementach (stopa, staw kolanowy) oraz posiadaj\u0105ca bardzo dobre zawieszenie w leju, tak\u017ce na elementach silikonowych, albo w wyj\u0105tkowych przypadkach proteza z elementami sterowanymi cyfrowo, z wielowarstwowymi lejami oraz najl\u017cejszymi elementami no\u015bnymi.<\/p>\n<p>W uzasadnieniu wniosku nale\u017cy szczeg\u00f3\u0142owo opisa\u0107 przedmiot i pow\u00f3d zakupu wraz z uzasadnieniem wysokich koszt\u00f3w. Nale\u017cy r\u00f3wnie\u017c z\u0142o\u017cy\u0107 dwie oferty wykonania protezy, jak\u0105 osoba wnioskuj\u0105ca planuje kupi\u0107.<\/p>\n<p><b>Termin sk\u0142adania wniosk\u00f3w<\/b><\/p>\n<p>Termin rozpocz\u0119cia przyjmowania wniosk\u00f3w okre\u015bla Realizator.<br \/>\nWnioski przyjmowane s\u0105 do 30.08.2019.<br \/>\nMaksymalna kwota dofinansowania zakupu protezy<\/p>\n<p><b>Maksymalne kwoty dofinansowa\u0144:<\/b><\/p>\n<p>1. dla protezy na III poziomie jako\u015bci, przy amputacji:<\/p>\n<ul>\n<li>w zakresie r\u0119ki \u2013 9.000 z\u0142;<\/li>\n<li>przedramienia \u2013 20.000 z\u0142;<\/li>\n<li>ramienia lub wy\u0142uszczeniu w stawie barkowym \u2013 26.000 z\u0142;<\/li>\n<li>na poziomie podudzia \u2013 14.000 z\u0142;<\/li>\n<li>na wysoko\u015bci uda (tak\u017ce przez staw kolanowy) \u2013 20.000 z\u0142;<\/li>\n<li>uda lub wy\u0142uszczeniu w stawie biodrowym \u2013 25.000 z\u0142;<\/li>\n<\/ul>\n<p>\u2013 z mo\u017cliwo\u015bci\u0105 zwi\u0119kszenia kwoty dofinansowania w wyj\u0105tkowych przypadkach i wy\u0142\u0105cznie wtedy, gdy celowo\u015b\u0107 zwi\u0119kszenia jako\u015bci protezy do poziomu IV (dla zdolno\u015bci do pracy wnioskodawcy), zostanie zarekomendowana przez eksperta PFRON;<\/p>\n<p>\u2013 dla refundacji koszt\u00f3w dojazdu beneficjenta programu na spotkanie z ekspertem PFRON lub koszt\u00f3w dojazdu eksperta PFRON na spotkanie z beneficjentem programu \u2013 w zale\u017cno\u015bci od poniesionych koszt\u00f3w, nie wi\u0119cej ni\u017c 200 z\u0142.<\/p>\n<p>Decyzj\u0119 o wysoko\u015bci dofinansowania podejmuje realizator na podstawie oceny wniosku, dlatego bardzo wa\u017cne jest uzasadnienie potrzeby zakupu.<\/p>\n<p>Udzia\u0142 w\u0142asny Wnioskodawcy: co najmniej 10% ceny brutto zakupu\/us\u0142ugi.<\/p>\n<p><b>Maksymalna kwota dofinansowania serwisu protezy<\/b><\/p>\n<p>do 30% ni\u017cej wymienionych kwot:<\/p>\n<p>1. dla protezy na III poziomie jako\u015bci, przy amputacji:<\/p>\n<ul>\n<li>w zakresie r\u0119ki \u2013 9.000 z\u0142 (2700 z\u0142);<\/li>\n<li>przedramienia \u2013 20.000 z\u0142 (6000 z\u0142);<\/li>\n<li>ramienia lub wy\u0142uszczeniu w stawie barkowym \u2013 26.000 z\u0142 (7800 z\u0142);<\/li>\n<li>na poziomie podudzia \u2013 14.000 z\u0142 (4200 z\u0142);<\/li>\n<li>na wysoko\u015bci uda (tak\u017ce przez staw kolanowy) \u2013 20.000 z\u0142 (6000 z\u0142);<\/li>\n<li>uda lub wy\u0142uszczeniu w stawie biodrowym \u2013 25.000 z\u0142 (7500 z\u0142);<\/li>\n<\/ul>\n<p>2. dla refundacji koszt\u00f3w dojazdu beneficjenta programu na spotkanie z ekspertem PFRON lub koszt\u00f3w dojazdu eksperta PFRON na spotkanie z beneficjentem programu \u2013 w zale\u017cno\u015bci od poniesionych koszt\u00f3w, nie wi\u0119cej ni\u017c 200 z\u0142.<\/p>\n<p>Decyzj\u0119 o wysoko\u015bci dofinansowania podejmuje realizator na podstawie oceny wniosku, dlatego bardzo wa\u017cne jest uzasadnienie potrzeby zakupu.<\/p>\n<p>strong co najmniej 10% ceny brutto zakupu\/us\u0142ugi.<\/p>\n<p><b>Najcz\u0119\u015bciej wymagane za\u0142\u0105czniki<\/b><\/p>\n<p>Zestaw za\u0142\u0105cznik\u00f3w okre\u015bla powiatowe centrum pomocy rodzinie. Je\u017celi chcesz z\u0142o\u017cy\u0107 wniosek w formie papierowej, to tam s\u0105 dost\u0119pne formularze.<br \/>\nNale\u017cy przygotowa\u0107 obowi\u0105zkowo:<\/p>\n<ul>\n<li>kserokopi\u0119 swojego orzeczenia o niepe\u0142nosprawno\u015bci.<\/li>\n<\/ul>\n<p>Realizator przeka\u017ce Ci tak\u017ce do uzupe\u0142nienia o\u015bwiadczenia o:<\/p>\n<ul>\n<li>wysoko\u015bci Twoich dochod\u00f3w;<\/li>\n<li>o wyra\u017ceniu zgody na przetwarzanie danych osobowych.<\/li>\n<\/ul>\n<p><b>Podstawa prawna<\/b><\/p>\n<p>Ustawa z dnia 27 sierpnia 1997 roku o rehabilitacji zawodowej i spo\u0142ecznej oraz zatrudnianiu os\u00f3b niepe\u0142nosprawnych[\/wr_vc_textblock][\/vc_column][\/vc_row][vc_row][vc_column][wr_vc_textblock big_title=&#8221;Edukacja&#8221;]<b>Kto mo\u017ce z\u0142o\u017cy\u0107 wniosek?<\/b><\/p>\n<p>Wymagania:<\/p>\n<p>Dofinansowanie mo\u017ce zosta\u0107 przyznane Osobie Niepe\u0142nosprawnej, kt\u00f3ra:<\/p>\n<p>zamierza za\u0142o\u017cy\u0107 dzia\u0142alno\u015b\u0107 gospodarcz\u0105;<br \/>\njest zarejestrowana w powiatowym urz\u0119dzie pracy jako bezrobotna albo poszukuj\u0105ca pracy niepozostaj\u0105ca w zatrudnieniu;<br \/>\nzobowi\u0105\u017ce si\u0119 do prowadzenia dzia\u0142alno\u015bci gospodarczej lub cz\u0142onkostwa w sp\u00f3\u0142dzielni socjalnej nieprzerwanie przez okres co najmniej 12 miesi\u0119cy.<\/p>\n<p>Warunki wykluczaj\u0105ce skorzystanie z pomocy:<\/p>\n<p>wcze\u015bniejsze skorzystanie z pomocy finansowej ze \u015brodk\u00f3w publicznych na ten cel;<br \/>\nzarejestrowanie dzia\u0142alno\u015bci gospodarczej przed przyznaniem dotacji na jej rozpocz\u0119cie.<\/p>\n<p>Przedmiot dofinansowania:<\/p>\n<p>Celem wsparcia jest pomoc przedsi\u0119biorczym Osobom Niepe\u0142nosprawnym w samozatrudnieniu przez przyznanie pomocy finansowej na:<\/p>\n<p>rozpocz\u0119cie dzia\u0142alno\u015bci gospodarczej lub rolniczej lub;<br \/>\nwniesienie wk\u0142adu do sp\u00f3\u0142dzielni socjalnej.<\/p>\n<p>Jest to pomoc bezzwrotna.<br \/>\nTermin sk\u0142adania wniosk\u00f3w<\/p>\n<p>Wnioski przyjmowane s\u0105 przez ca\u0142y rok. Dofinansowania wyp\u0142acane s\u0105 do momentu, do kt\u00f3rego urz\u0105d pracy dysponuje \u015brodkami finansowymi na ten cel.<br \/>\nMaksymalna kwota dofinansowania<\/p>\n<p>Sze\u015bciokrotno\u015b\u0107 przeci\u0119tnego wynagrodzenia \u2013 w przypadku zobowi\u0105zania do prowadzenia dzia\u0142alno\u015bci gospodarczej, rolniczej lub cz\u0142onkostwa w sp\u00f3\u0142dzielni socjalnej nieprzerwanie przez okres co najmniej 12 miesi\u0119cy;<br \/>\nPi\u0119tnastokrotno\u015b\u0107 przeci\u0119tnego wynagrodzenia \u2013 w przypadku zobowi\u0105zania do prowadzenia dzia\u0142alno\u015bci gospodarczej, rolniczej lub cz\u0142onkostwa w sp\u00f3\u0142dzielni socjalnej nieprzerwanie przez okres co najmniej 24 miesi\u0119cy.<\/p>\n<p>Najcz\u0119\u015bciej wymagane za\u0142\u0105czniki<\/p>\n<p>Kopia dokumentu potwierdzaj\u0105cego niepe\u0142nosprawno\u015b\u0107;<br \/>\nW przypadku przyst\u0105pienia do sp\u00f3\u0142dzielni socjalnej \u2013 pisemna informacja sp\u00f3\u0142dzielni socjalnej o przyj\u0119ciu wnioskodawcy do sp\u00f3\u0142dzielni socjalnej jako cz\u0142onka;,<br \/>\nKopia dokumentu wskazuj\u0105cego na tytu\u0142 prawny do lokalu (akt w\u0142asno\u015bci, umowa najmu, dzier\u017cawy, u\u017cyczenia), o\u015bwiadczenie przysz\u0142ego wynajmuj\u0105cego, u\u017cyczaj\u0105cego lub oddaj\u0105cego w dzier\u017caw\u0119 o potwierdzonych wst\u0119pnych ustaleniach dotycz\u0105cych wynajmu, u\u017cyczenia lub dzier\u017cawy lub zgod\u0119 na prowadzenie dzia\u0142alno\u015bci gospodarczej w danym miejscu wydan\u0105 przez w\u0142a\u015bciciela budynku;<br \/>\nKopia dokumentu potwierdzaj\u0105cego posiadane wykszta\u0142cenie oraz uprawnienia i kwalifikacje zawodowe, w tym: \u015bwiadectwa, za\u015bwiadczenia, dyplomy potwierdzaj\u0105ce uko\u0144czone kursy i szkolenia;<br \/>\nW przypadku orzeczonego umiarkowanego i znacznego stopnia niepe\u0142nosprawno\u015bci \u2013 za\u015bwiadczenie od lekarza medycyny pracy o zdolno\u015bci do podj\u0119cia i prowadzenia dzia\u0142alno\u015bci gospodarczej o wskazanym profilu przez okres co najmniej 24 miesi\u0119cy;<br \/>\nZa\u015bwiadczenia o pomocy de minimis, jakie Wnioskodawca otrzyma\u0142 w roku, w kt\u00f3rym ubiega si\u0119 o pomoc, oraz w ci\u0105gu 2 poprzedzaj\u0105cych go lat;<br \/>\nInformacje niezb\u0119dne do udzielenia pomocy de minimis, dotycz\u0105ce w szczeg\u00f3lno\u015bci Wnioskodawcy i prowadzonej przez niego dzia\u0142alno\u015bci gospodarczej oraz wielko\u015bci i przeznaczenia pomocy publicznej otrzymanej w odniesieniu do tych samych koszt\u00f3w kwalifikuj\u0105cych si\u0119 do obj\u0119cia pomoc\u0105, na pokrycie kt\u00f3rych ma by\u0107 przeznaczona pomoc de minimis.<\/p>\n<p>Podstawy prawne<\/p>\n<p>Ustawa z dnia 27 sierpnia 1997 roku o rehabilitacji zawodowej i spo\u0142ecznej oraz zatrudnianiu os\u00f3b niepe\u0142nosprawnych \u2013 art. 12a;<br \/>\nUstawa z dnia 20 kwietnia 2004 r. o promocji zatrudnienia i instytucjach rynku pracy;<br \/>\nRozporz\u0105dzenie Ministra Pracy i Polityki Spo\u0142ecznej z dnia 17 pa\u017adziernika 2007 r. w sprawie przyznania osobie niepe\u0142nosprawnej \u015brodk\u00f3w na podj\u0119cie dzia\u0142alno\u015bci gospodarczej, rolniczej albo na wniesienie wk\u0142adu do sp\u00f3\u0142dzielni socjalnej;<br \/>\nUstawa z dnia 15 grudnia 2017 r. o zmianie ustawy o sp\u00f3\u0142dzielniach socjalnych oraz niekt\u00f3rych innych ustaw.[\/wr_vc_textblock][\/vc_column][\/vc_row][vc_row][vc_column][wr_vc_textblock big_title=&#8221;Rozpocz\u0119cie dzia\u0142alno\u015bci gospodarczej, rolniczej lub wniesienie wk\u0142adu do sp\u00f3\u0142dzielni socjalnej&#8221;]<b>Kto mo\u017ce z\u0142o\u017cy\u0107 wniosek?<\/b><\/p>\n<p>Wymagania:<\/p>\n<p>\u017beby wzi\u0105\u0107 udzia\u0142 w szkoleniu, nale\u017cy:<\/p>\n<p>by\u0107 zarejestrowanym w urz\u0119dzie pracy;<br \/>\nutraci\u0107 zdolno\u015b\u0107 do wykonywania pracy w dotychczas wykonywanym zawodzie lub;<br \/>\nnie mie\u0107 wystarczaj\u0105cych kwalifikacji zawodowych lub;<br \/>\nby\u0107 w sytuacji konieczno\u015bci zmiany kwalifikacji lub ich uzupe\u0142nienia lub;<br \/>\nnie posiada\u0107 umiej\u0119tno\u015bci aktywnego poszukiwania pracy.<\/p>\n<p>Szkoleniem mog\u0105 by\u0107 obj\u0119te r\u00f3wnie\u017c osoby niepe\u0142nosprawne b\u0119d\u0105ce w okresie wypowiedzenia umowy o prac\u0119 z przyczyn niedotycz\u0105cych pracownik\u00f3w.<br \/>\nPrzedmiot dofinansowania<\/p>\n<p>Celem wsparcia jest zwi\u0119kszenie szansy na zatrudnienie i utrzymanie pracy zarobkowej przez szkolenia dla Os\u00f3b Niepe\u0142nosprawnych bezrobotnych lub poszukuj\u0105cych pracy. Szkolenia te pomagaj\u0105 w zdobyciu lub podniesieniu kwalifikacji zawodowych.<\/p>\n<p>Szkolenie mo\u017ce odbywa\u0107 si\u0119:<\/p>\n<p>w plac\u00f3wkach szkol\u0105cych;<br \/>\nw specjalistycznych o\u015brodkach szkoleniowo-rehabilitacyjnych.<\/p>\n<p>Szkolenie obejmuje koszty:<\/p>\n<p>wynagrodzenia dla jednostki szkol\u0105cej;<br \/>\nubezpieczenia od nieszcz\u0119\u015bliwych wypadk\u00f3w;<br \/>\nzakwaterowania i wy\u017cywienia w cz\u0119\u015bci albo w ca\u0142o\u015bci;<br \/>\nprzejazdu na szkolenie, w tym koszt przejazdu przewodnika lub opiekuna osoby zaliczonej do znacznego stopnia niepe\u0142nosprawno\u015bci;<br \/>\nus\u0142ug t\u0142umacza j\u0119zyka migowego albo lektora dla niewidomych lub osoby towarzysz\u0105cej Osobie Niepe\u0142nosprawnej ruchowo zaliczonej do znacznego stopnia niepe\u0142nosprawno\u015bci;<br \/>\nniezb\u0119dnych bada\u0144 lekarskich, psychologicznych, diagnostycznych i us\u0142ug rehabilitacyjnych.<\/p>\n<p>Szkolenie trwa nie d\u0142u\u017cej ni\u017c 36 miesi\u0119cy.<br \/>\nTermin sk\u0142adania wniosk\u00f3w<\/p>\n<p>Wnioski przyjmowane s\u0105 przez ca\u0142y rok. Dofinansowania wyp\u0142acane s\u0105 do momentu, do kt\u00f3rego urz\u0105d pracy dysponuje \u015brodkami finansowymi na ten cel.<br \/>\nMaksymalna kwota dofinansowania<\/p>\n<p>Wysoko\u015b\u0107 dofinansowania szkolenia i przekwalifikowania Os\u00f3b Niepe\u0142nosprawnych wynosi 100% koszt\u00f3w, maksymalnie do wysoko\u015bci dziesi\u0119ciokrotnego przeci\u0119tnego wynagrodzenia.<br \/>\nNajcz\u0119\u015bciej wymagane za\u0142\u0105czniki<\/p>\n<p>Informacja o wybranym szkoleniu<\/p>\n<p>Podstawa prawna<\/p>\n<p>Ustawa z dnia 27 sierpnia 1997 roku o rehabilitacji zawodowej i spo\u0142ecznej oraz zatrudnianiu os\u00f3b niepe\u0142nosprawnych \u2013 art. 40.<\/p>\n<p><a>Szkolenie organizowane przez PUP<\/a><\/p>\n<p><b>Kto mo\u017ce z\u0142o\u017cy\u0107 wniosek?<\/b><\/p>\n<p>Wymagania:<\/p>\n<p>Dofinansowanie przys\u0142uguje osobie niepe\u0142nosprawnej prowadz\u0105cej dzia\u0142alno\u015b\u0107 gospodarcz\u0105 albo w\u0142asne lub dzier\u017cawione gospodarstwo rolne, kt\u00f3ra zaci\u0105gn\u0119\u0142a kredyt bankowy na kontynuowanie tej dzia\u0142alno\u015bci, je\u017celi:<\/p>\n<p>nie korzysta\u0142a z po\u017cyczki na podj\u0119cie dzia\u0142alno\u015bci gospodarczej lub rolniczej albo po\u017cyczka zosta\u0142a w ca\u0142o\u015bci sp\u0142acona lub umorzona;<br \/>\nnie otrzyma\u0142a bezzwrotnych \u015brodk\u00f3w na podj\u0119cie dzia\u0142alno\u015bci gospodarczej lub rolniczej albo prowadzi\u0142a t\u0119 dzia\u0142alno\u015b\u0107 co najmniej przez 24 miesi\u0105ce od dnia otrzymania pomocy na ten cel.<\/p>\n<p>Przedmiot dofinansowania<\/p>\n<p>Celem dofinansowania jest wsparcie samozatrudnienia Os\u00f3b Niepe\u0142nosprawnych przez dofinansowanie do sp\u0142aty odsetek kredytu zaci\u0105gni\u0119tego na dzia\u0142alno\u015b\u0107 gospodarcz\u0105 albo w\u0142asne lub dzier\u017cawione gospodarstwo rolne.<br \/>\nTermin sk\u0142adania wniosk\u00f3w<\/p>\n<p>Wnioski przyjmowane s\u0105 przez ca\u0142y rok. Dofinansowania wyp\u0142acane s\u0105 do momentu, do kt\u00f3rego urz\u0105d pracy dysponuje \u015brodkami finansowymi na ten cel.<br \/>\nMaksymalna kwota dofinansowania<\/p>\n<p>Maksymalna wysoko\u015b\u0107 dofinansowania wynosi 50% kwoty oprocentowania kredytu bankowego.<br \/>\nNajcz\u0119\u015bciej wymagane za\u0142\u0105czniki<\/p>\n<p>kopia dokumentu potwierdzaj\u0105cego niepe\u0142nosprawno\u015b\u0107;<br \/>\nkopia aktualnego dokumentu potwierdzaj\u0105cego prowadzenie dzia\u0142alno\u015bci gospodarczej.<br \/>\nkopia umowy kredytowej;<br \/>\ninformacja z banku o sp\u0142acie kredytu, aktualnym zad\u0142u\u017ceniu, oraz przewidywanej kwocie odsetek do zap\u0142aty;<br \/>\nza\u015bwiadczenie z urz\u0119du skarbowego stwierdzaj\u0105ce czasookres prowadzonej dzia\u0142alno\u015bci.<br \/>\nInformacja o pomocy de minimis, czyli pomocy publicznej, wsparciu pa\u0144stwa, udzielanych ma\u0142ym i \u015brednim przedsi\u0119biorcom, kt\u00f3ra nie musi by\u0107 zg\u0142aszana do Komisji Europejskiej.<\/p>\n<p>Podstawa prawna<\/p>\n<p>Ustawa z dnia 27 sierpnia 1997 roku o rehabilitacji zawodowej i spo\u0142ecznej oraz zatrudnianiu os\u00f3b niepe\u0142nosprawnych \u2013 art. 13.[\/wr_vc_textblock][\/vc_column][\/vc_row][vc_row][vc_column][wr_vc_textblock big_title=&#8221;Oprocentowanie kredytu bankowego&#8221;]<b>Kto mo\u017ce z\u0142o\u017cy\u0107 wniosek?<\/b><\/p>\n<p>Wymagania:<\/p>\n<p>Dofinansowanie przys\u0142uguje osobie niepe\u0142nosprawnej prowadz\u0105cej dzia\u0142alno\u015b\u0107 gospodarcz\u0105 albo w\u0142asne lub dzier\u017cawione gospodarstwo rolne, kt\u00f3ra zaci\u0105gn\u0119\u0142a kredyt bankowy na kontynuowanie tej dzia\u0142alno\u015bci, je\u017celi:<\/p>\n<p>nie korzysta\u0142a z po\u017cyczki na podj\u0119cie dzia\u0142alno\u015bci gospodarczej lub rolniczej albo po\u017cyczka zosta\u0142a w ca\u0142o\u015bci sp\u0142acona lub umorzona;<br \/>\nnie otrzyma\u0142a bezzwrotnych \u015brodk\u00f3w na podj\u0119cie dzia\u0142alno\u015bci gospodarczej lub rolniczej albo prowadzi\u0142a t\u0119 dzia\u0142alno\u015b\u0107 co najmniej przez 24 miesi\u0105ce od dnia otrzymania pomocy na ten cel.<\/p>\n<p>Przedmiot dofinansowania<\/p>\n<p>Celem dofinansowania jest wsparcie samozatrudnienia Os\u00f3b Niepe\u0142nosprawnych przez dofinansowanie do sp\u0142aty odsetek kredytu zaci\u0105gni\u0119tego na dzia\u0142alno\u015b\u0107 gospodarcz\u0105 albo w\u0142asne lub dzier\u017cawione gospodarstwo rolne.<br \/>\nTermin sk\u0142adania wniosk\u00f3w<\/p>\n<p>Wnioski przyjmowane s\u0105 przez ca\u0142y rok. Dofinansowania wyp\u0142acane s\u0105 do momentu, do kt\u00f3rego urz\u0105d pracy dysponuje \u015brodkami finansowymi na ten cel.<br \/>\nMaksymalna kwota dofinansowania<\/p>\n<p>Maksymalna wysoko\u015b\u0107 dofinansowania wynosi 50% kwoty oprocentowania kredytu bankowego.<br \/>\nNajcz\u0119\u015bciej wymagane za\u0142\u0105czniki<\/p>\n<p>kopia dokumentu potwierdzaj\u0105cego niepe\u0142nosprawno\u015b\u0107;<br \/>\nkopia aktualnego dokumentu potwierdzaj\u0105cego prowadzenie dzia\u0142alno\u015bci gospodarczej.<br \/>\nkopia umowy kredytowej;<br \/>\ninformacja z banku o sp\u0142acie kredytu, aktualnym zad\u0142u\u017ceniu, oraz przewidywanej kwocie odsetek do zap\u0142aty;<br \/>\nza\u015bwiadczenie z urz\u0119du skarbowego stwierdzaj\u0105ce czasookres prowadzonej dzia\u0142alno\u015bci.<br \/>\nInformacja o pomocy de minimis, czyli pomocy publicznej, wsparciu pa\u0144stwa, udzielanych ma\u0142ym i \u015brednim przedsi\u0119biorcom, kt\u00f3ra nie musi by\u0107 zg\u0142aszana do Komisji Europejskiej.<\/p>\n<p>Podstawa prawna<\/p>\n<p>Ustawa z dnia 27 sierpnia 1997 roku o rehabilitacji zawodowej i spo\u0142ecznej oraz zatrudnianiu os\u00f3b niepe\u0142nosprawnych \u2013 art. 13.[\/wr_vc_textblock][\/vc_column][\/vc_row]\n","protected":false},"excerpt":{"rendered":"<p>[vc_row][vc_column][wr_vc_textblock big_title=&#8221;Proteza ko\u0144czyny i jej serwis&#8221;]Kto mo\u017ce z\u0142o\u017cy\u0107 wniosek? Wymagania: posiadanie stopnia niepe\u0142nosprawno\u015bci; wiek aktywno\u015bci zawodowej lub zatrudnienie; potwierdzona opini\u0105 eksperta PFRON stabilno\u015b\u0107 procesu chorobowego; potwierdzone opini\u0105 eksperta PFRON rokowania uzyskania zdolno\u015bci do pracy w wyniku wsparcia udzielonego w programie. Przedmiot dofinansowania Przedmiotem dofinansowania jest zakup bardzo dobrej jako\u015bci protezy r\u0119ki lub nogi, tj. protezy..<\/p>\n","protected":false},"author":1,"featured_media":27,"parent":0,"menu_order":0,"comment_status":"closed","ping_status":"closed","template":"","meta":[],"_links":{"self":[{"href":"https:\/\/managerrehabilitacji.pl\/index.php\/wp-json\/wp\/v2\/pages\/167"}],"collection":[{"href":"https:\/\/managerrehabilitacji.pl\/index.php\/wp-json\/wp\/v2\/pages"}],"about":[{"href":"https:\/\/managerrehabilitacji.pl\/index.php\/wp-json\/wp\/v2\/types\/page"}],"author":[{"embeddable":true,"href":"https:\/\/managerrehabilitacji.pl\/index.php\/wp-json\/wp\/v2\/users\/1"}],"replies":[{"embeddable":true,"href":"https:\/\/managerrehabilitacji.pl\/index.php\/wp-json\/wp\/v2\/comments?post=167"}],"version-history":[{"count":12,"href":"https:\/\/managerrehabilitacji.pl\/index.php\/wp-json\/wp\/v2\/pages\/167\/revisions"}],"predecessor-version":[{"id":710,"href":"https:\/\/managerrehabilitacji.pl\/index.php\/wp-json\/wp\/v2\/pages\/167\/revisions\/710"}],"wp:featuredmedia":[{"embeddable":true,"href":"https:\/\/managerrehabilitacji.pl\/index.php\/wp-json\/wp\/v2\/media\/27"}],"wp:attachment":[{"href":"https:\/\/managerrehabilitacji.pl\/index.php\/wp-json\/wp\/v2\/media?parent=167"}],"curies":[{"name":"wp","href":"https:\/\/api.w.org\/{rel}","templated":true}]}}